432 + 11013?
-303010414
In base 12, what is -a0334 + 40?
-a02b4
In base 3, what is -20212001211 - -21022?
-20211210112
In base 16, what is -2286 - 35d?
-25e3
In base 15, what is -6 + -b28ade?
-b28ae5
In base 8, what is -52 - -137641?
137567
In base 16, what is 50 + -2bfc46?
-2bfbf6
In base 11, what is 6261306 - 26?
6261290
In base 8, what is -1003 - -126372?
125367
In base 14, what is 9557 + 403?
995a
In base 10, what is -4 + -787658?
-787662
In base 9, what is -42 - 7564351?
-7564403
In base 15, what is -2 + 61511?
6150e
In base 6, what is -240520 - 1021052?
-1302012
In base 4, what is 200111120333 - -12?
200111121011
In base 7, what is -6502161 - 46?
-6502240
In base 3, what is 10210 + -10020021212?
-10020011002
In base 6, what is -312124054232 - 1?
-312124054233
In base 14, what is -23511ca + -5?
-23511d1
In base 2, what is -110010111001011 + -1011111?
-110011000101010
In base 8, what is -6 - 47072115?
-47072123
In base 12, what is -16090 + -681?
-16751
In base 9, what is 7357120 + 12?
7357132
In base 15, what is -1375 + -2ca?
-1650
In base 3, what is 12 + -101210100100112201?
-101210100100112112
In base 9, what is 55670 - -26?
55706
In base 12, what is 126 + -31abb?
-31995
In base 11, what is -14 - -417a271?
417a258
In base 4, what is -110222 + -101112?
-212000
In base 7, what is -600142 - -521?
-566321
In base 15, what is 4ce - 1a0c6?
-19ae7
In base 13, what is -113 + 6411?
62cb
In base 4, what is 3230 + -100212333?
-100203103
In base 3, what is 201121112210 + 222?
201121120202
In base 8, what is 72444 + -31?
72413
In base 10, what is 3600504 - 5?
3600499
In base 13, what is 1701 + -4223?
-2822
In base 15, what is -76 - -4ee12?
4ed8b
In base 11, what is -469344 - -7?
-469338
In base 16, what is 5 + 16d45c?
16d461
In base 15, what is -9878 + 1bcb?
-7b9c
In base 16, what is 2f - -2e83c3?
2e83f2
In base 8, what is 23 - 4242230?
-4242205
In base 13, what is 7 + -12c424?
-12c41a
In base 7, what is 206251 + -1301?
204650
In base 15, what is -51e - 35c0b?
-3622a
In base 14, what is 8 + -52933b?
-529333
In base 16, what is -15 + -ba2d2f?
-ba2d44
In base 12, what is -9 + 157b5420?
157b5413
In base 12, what is 285422a9 - 1?
285422a8
In base 5, what is 1104101 + -102241?
1001310
In base 4, what is -121112021100 - 2?
-121112021102
In base 15, what is -6 + 94d37b?
94d375
In base 14, what is -2cd4 - -25a?
-2a78
In base 6, what is -11230450433 + 0?
-11230450433
In base 6, what is -204313024 - 0?
-204313024
In base 14, what is b39a9d - -2?
b39aa1
In base 13, what is -5742164 + -2?
-5742166
In base 8, what is -40241050 - -15?
-40241033
In base 14, what is -36 - -89675b?
896725
In base 7, what is 324656 - -404?
325363
In base 15, what is 2047 - b43?
1404
In base 9, what is -32 + -13348247?
-13348280
In base 14, what is -3cd131 - -16?
-3cd119
In base 10, what is 5534 - 17710?
-12176
In base 7, what is 453 - 33450600?
-33450114
In base 13, what is -b16c - -35?
-b137
In base 3, what is 1 - 200221200122002?
-200221200122001
In base 4, what is 1 + -2301231133210?
-2301231133203
In base 8, what is 3334 + 15052?
20406
In base 10, what is -7 + 22070199?
22070192
In base 6, what is -24352253 + 12?
-24352241
In base 15, what is -1144bd0a + -5?
-1144bd10
In base 8, what is -4221 - 25612?
-32033
In base 10, what is -12 + -12010657?
-12010669
In base 2, what is 1111101000 + -1111001001111110110?
-1111001000000001110
In base 16, what is -12 - -2cc35e?
2cc34c
In base 2, what is -10000101110011010 - -1011001?
-10000101101000001
In base 7, what is 422430450 - -3?
422430453
In base 3, what is 12211 - 1112120112222?
-1112120100011
In base 9, what is -148266471 + -1?
-148266472
In base 11, what is -236 - -150610?
150385
In base 11, what is 9777a7a - 4?
9777a76
In base 14, what is 205 + 7a54?
7c59
In base 13, what is 81 + -1071c5a?
-1071ba9
In base 9, what is 3126861 + -37?
3126823
In base 15, what is 78b + -2d09?
-256d
In base 9, what is -5 - -111413530?
111413524
In base 7, what is -2 - 6253461611?
-6253461613
In base 4, what is 10 + 10131210200?
10131210210
In base 10, what is 925 + -4017?
-3092
In base 15, what is -4 - 34631c9?
-34631cd
In base 7, what is -13310 + 340053?
323443
In base 11, what is -73 + 1615672?
16155aa
In base 14, what is 8 + 362a58?
362a62
In base 6, what is 10403 - -1050100?
1100503
In base 16, what is 794 + -3e9f?
-370b
In base 11, what is 3 - 2a41804?
-2a41801
In base 13, what is 13 - -396283?
396296
In base 16, what is -9795c - -39?
-97923
In base 16, what is -125e76 + 3?
-125e73
In base 8, what is -32315663 - 0?
-32315663
In base 15, what is 4a + b4362d?
b43678
In base 9, what is 1430 + 508?
2038
In base 9, what is -525506761 + -1?
-525506762
In base 10, what is 134 - 57723?
-57589
In base 3, what is 1012110 + -11021211?
-10002101
In base 16, what is -f + -52df?
-52ee
In base 6, what is 121305 - 10430?
110435
In base 2, what is 1111110001111011 - 1?
1111110001111010
In base 11, what is 4 - -26642a8?
2664301
In base 10, what is 731885 + 48?
731933
In base 13, what is -24508b - -b9?
-244ca2
In base 3, what is -212202 + -202212110?
-210202012
In base 11, what is 24 + 234201?
234225
In base 15, what is -c05 + 2961?
1c5b
In base 11, what is 5 - -48501708?
48501712
In base 4, what is -202023220223 - 1?
-202023220230
In base 5, what is 4 - -34223002202?
34223002211
In base 12, what is -210b426 + a?
-210b418
In base 10, what is -6264 - 84?
-6348
In base 11, what is -1a82 + 1001?
-a81
In base 8, what is -321 - 2453630?
-2454151
In base 14, what is 3172 - 19c05?
-16a73
In base 12, what is -368b - 2267?
-5936
In base 7, what is 21 + -2255625?
-2255604
In base 15, what is -2d + -12b119?
-12b147
In base 6, what is -305545143 + 25?
-305545114
In base 6, what is 12141 - 1244342?
-1232201
In base 11, what is 4 + -659a16a?
-659a166
In base 7, what is 2 + 1436026515?
1436026520
In base 14, what is -3227a8 - -d?
-322799
In base 13, what is -65 - 5373b?
-537a3
In base 11, what is 1a368673 + a?
1a368682
In base 12, what is -3aba17 - 109?
-3abb24
In base 13, what is -1 - 8674a0?
-8674a1
In base 12, what is 476 - 598?
-122
In base 9, what is 4 + 15407344?
15407348
In base 2, what is -10010010110010010110 - 100111?
-10010010110010111101
In base 11, what is 29427 + -122?
29305
In base 7, what is 140 + -21404106?
-21403636
In base 2, what is -10110110011101 - 111001101?
-10111101101010
In base 4, what is 10120111 + -2231?
10111220
In base 11, what is -27a4764 + 2?
-27a4762
In base 9, what is 3885141 + 3?
3885144
In base 8, what is 516 + 17302?
20020
In base 12, what is 0 + 21a4576?
21a4576
In base 3, what is -1 + -22011122000101221?
-22011122000101222
In base 12, what is 7 + -1066a93?
-1066a88
In base 9, what is 5280542 - -42?
5280584
In base 15, what is -3d7ba - -8e?
-3d72b
In base 10, what is -54369 - -494?
-53875
In base 6, what is 21134 + -11452?
5242
In base 4, what is 132023033 + -1202?
132021231
In base 6, what is -35505405 + -221?
-35510030
In base 12, what is 140777b69 - 2?
140777b67
In base 7, what is -45664 - -161?
-45503
In base 14, what is -5 - -2408274?
240826d
In base 9, what is 4 + -13071788?
-13071784
In base 4, what is 0 + -12133033301?
-12133033301
In base 4, what is -22001233 - -2201123?
-13200110
In base 2, what is -101111110001010001011110 + -101010?
-101111110001010010001000
In base 8, what is 61657473 + 4?
61657477
In base 3, what is 20201 + -112102121122?
-112102100221
In base 10, what is -658 + -52566?
-53224
In base 5, what is -413 + -42134004?
-42134422
In base 13, what is 1307b242 + 0?
1307b242
In base 2, what is 101 + 101100100101111011000111011?
101100100101111011001000000
In base 10, what is 5 - 1115485?
-1115480
In base 6, what is 22133 - 114?
22015
In base 8, what is 5 + -1247234667?
-1247234662
In base 12, what is -180 - -24568?
243a8
In base 8, what is 405 + -163555?
-163150
In base 6, what is -310 - -3025432?
3025122
In base 6, what is -44350340 + -25?
-44350405
In base 6, what is -5 + -14011511?
-14011520
In base 10, what is 89160263 + -3?
89160260
In base 5, what is 143414 - -21432?
220401
In base 13, what is 2145070 + -12?
214505b
In base 4, what is 3133311 + -13?
3133232
In base 2, what is 101000010100111011000010 + 0?
101000010100111011000010
In base 8, what is -1050 + -52?
-1122
In base 3, what is -1112 + -1022222122111?
-1022